{"id":4,"date":"2013-07-27T00:59:57","date_gmt":"2013-07-26T22:59:57","guid":{"rendered":"http:\/\/schreinerei-heun.de\/CMS\/?page_id=4"},"modified":"2022-04-05T08:30:22","modified_gmt":"2022-04-05T06:30:22","slug":"impressum","status":"publish","type":"page","link":"https:\/\/schreinerei-heun.de\/CMS\/impressum\/","title":{"rendered":"Impressum"},"content":{"rendered":"<p><span style=\"line-height: 1.714285714; font-size: 1rem;\">Alle Daten zur Schreinerei Heun und Verantwortlich f\u00fcr diese Seite:<\/span><\/p>\n<p><strong>Schreinermeister Holger Gr\u00e4b<\/strong><br \/>\n<strong> Industriestra\u00dfe 5<\/strong><br \/>\n<strong> 35745 Herborn-Uckersdorf<\/strong><\/p>\n<p>Telefon: <a href=\"tel:0277255139\">+49 2772 55139<\/a><br \/>\nTelefax: +49 2772 52656<br \/>\neMail: <a href=\"mailto:info@schreinerei-heun.de\" target=\"_blank\" rel=\"noopener\">info@schreinerei-heun.de<\/a><br \/>\nInternet: <a href=\"http:\/\/www.schreinerei-heun.de\">www.schreinerei-heun.de<\/a><\/p>\n<p>Zust\u00e4ndige Kammer: Handwerkskammer Wiesbaden, Bahnhofstr. 63, 65185 Wiesbaden<br \/>\nBerufsbezeichnung: Handwerksmeister* im Tischlerhandwerk<\/p>\n<p>Berufsrechtliche Regelungen**: Handwerksordnung<\/p>\n<p>Umsatzsteuer-Identifikationsnummer***: DE111759577<\/p>\n<p>Haftungshinweis: Trotz sorgf\u00e4ltiger inhaltlicher Kontrolle \u00fcbernehmen wir keine Haftung f\u00fcr die Inhalte externer Links. F\u00fcr den Inhalt der verlinkten Seiten sind ausschlie\u00dflich deren Betreiber verantwortlich.<\/p>\n<h6>* (verliehen in der Bundesrepublik Deutschland)<br \/>\n** (Zu finden im Bundesgesetzblatt I, Seite 3074 in der Fassung vom 24. September 1998)<br \/>\n*** (gem\u00e4\u00df \u00a7 27 a Umsatzsteuergesetz)<\/h6>\n","protected":false},"excerpt":{"rendered":"<p>Alle Daten zur Schreinerei Heun und Verantwortlich f\u00fcr diese Seite: Schreinermeister Holger Gr\u00e4b Industriestra\u00dfe 5 35745 Herborn-Uckersdorf Telefon: +49 2772 55139 Telefax: +49 2772 52656 eMail: info@schreinerei-heun.de Internet: www.schreinerei-heun.de Zust\u00e4ndige Kammer: Handwerkskammer Wiesbaden, Bahnhofstr. 63, 65185 Wiesbaden Berufsbezeichnung: Handwerksmeister* im Tischlerhandwerk Berufsrechtliche Regelungen**: Handwerksordnung Umsatzsteuer-Identifikationsnummer***: DE111759577 Haftungshinweis: Trotz sorgf\u00e4ltiger inhaltlicher Kontrolle \u00fcbernehmen wir keine Haftung &hellip; <\/p>\n<p class=\"link-more\"><a href=\"https:\/\/schreinerei-heun.de\/CMS\/impressum\/\" class=\"more-link\"><span class=\"screen-reader-text\">\u201eImpressum\u201c <\/span>weiterlesen<\/a><\/p>\n","protected":false},"author":3,"featured_media":0,"parent":0,"menu_order":0,"comment_status":"closed","ping_status":"closed","template":"","meta":{"footnotes":""},"class_list":["post-4","page","type-page","status-publish","hentry"],"yoast_head":"<!-- This site is optimized with the Yoast SEO plugin v27.5 - https:\/\/yoast.com\/product\/yoast-seo-wordpress\/ -->\n<title>Impressum - Schreinerei Heun<\/title>\n<meta name=\"robots\" content=\"index, follow, max-snippet:-1, max-image-preview:large, max-video-preview:-1\" \/>\n<link rel=\"canonical\" href=\"https:\/\/schreinerei-heun.de\/CMS\/impressum\/\" \/>\n<meta property=\"og:locale\" content=\"de_DE\" \/>\n<meta property=\"og:type\" content=\"article\" \/>\n<meta property=\"og:title\" content=\"Impressum - Schreinerei Heun\" \/>\n<meta property=\"og:description\" content=\"Alle Daten zur Schreinerei Heun und Verantwortlich f\u00fcr diese Seite: Schreinermeister Holger Gr\u00e4b Industriestra\u00dfe 5 35745 Herborn-Uckersdorf Telefon: +49 2772 55139 Telefax: +49 2772 52656 eMail: info@schreinerei-heun.de Internet: www.schreinerei-heun.de Zust\u00e4ndige Kammer: Handwerkskammer Wiesbaden, Bahnhofstr. 63, 65185 Wiesbaden Berufsbezeichnung: Handwerksmeister* im Tischlerhandwerk Berufsrechtliche Regelungen**: Handwerksordnung Umsatzsteuer-Identifikationsnummer***: DE111759577 Haftungshinweis: Trotz sorgf\u00e4ltiger inhaltlicher Kontrolle \u00fcbernehmen wir keine Haftung &hellip; \u201eImpressum\u201c weiterlesen\" \/>\n<meta property=\"og:url\" content=\"https:\/\/schreinerei-heun.de\/CMS\/impressum\/\" \/>\n<meta property=\"og:site_name\" content=\"Schreinerei Heun\" \/>\n<meta property=\"article:modified_time\" content=\"2022-04-05T06:30:22+00:00\" \/>\n<meta name=\"twitter:card\" content=\"summary_large_image\" \/>\n<meta name=\"twitter:label1\" content=\"Gesch\u00e4tzte Lesezeit\" \/>\n\t<meta name=\"twitter:data1\" content=\"1\u00a0Minute\" \/>\n<script type=\"application\/ld+json\" class=\"yoast-schema-graph\">{\"@context\":\"https:\\\/\\\/schema.org\",\"@graph\":[{\"@type\":\"WebPage\",\"@id\":\"https:\\\/\\\/schreinerei-heun.de\\\/CMS\\\/impressum\\\/\",\"url\":\"https:\\\/\\\/schreinerei-heun.de\\\/CMS\\\/impressum\\\/\",\"name\":\"Impressum - Schreinerei Heun\",\"isPartOf\":{\"@id\":\"https:\\\/\\\/schreinerei-heun.de\\\/CMS\\\/#website\"},\"datePublished\":\"2013-07-26T22:59:57+00:00\",\"dateModified\":\"2022-04-05T06:30:22+00:00\",\"breadcrumb\":{\"@id\":\"https:\\\/\\\/schreinerei-heun.de\\\/CMS\\\/impressum\\\/#breadcrumb\"},\"inLanguage\":\"de\",\"potentialAction\":[{\"@type\":\"ReadAction\",\"target\":[\"https:\\\/\\\/schreinerei-heun.de\\\/CMS\\\/impressum\\\/\"]}]},{\"@type\":\"BreadcrumbList\",\"@id\":\"https:\\\/\\\/schreinerei-heun.de\\\/CMS\\\/impressum\\\/#breadcrumb\",\"itemListElement\":[{\"@type\":\"ListItem\",\"position\":1,\"name\":\"Startseite\",\"item\":\"https:\\\/\\\/schreinerei-heun.de\\\/CMS\\\/\"},{\"@type\":\"ListItem\",\"position\":2,\"name\":\"Impressum\"}]},{\"@type\":\"WebSite\",\"@id\":\"https:\\\/\\\/schreinerei-heun.de\\\/CMS\\\/#website\",\"url\":\"https:\\\/\\\/schreinerei-heun.de\\\/CMS\\\/\",\"name\":\"Schreinerei Heun\",\"description\":\"\u00dcber 50 Jahre Erfahrung im Handwerk\",\"publisher\":{\"@id\":\"https:\\\/\\\/schreinerei-heun.de\\\/CMS\\\/#organization\"},\"potentialAction\":[{\"@type\":\"SearchAction\",\"target\":{\"@type\":\"EntryPoint\",\"urlTemplate\":\"https:\\\/\\\/schreinerei-heun.de\\\/CMS\\\/?s={search_term_string}\"},\"query-input\":{\"@type\":\"PropertyValueSpecification\",\"valueRequired\":true,\"valueName\":\"search_term_string\"}}],\"inLanguage\":\"de\"},{\"@type\":\"Organization\",\"@id\":\"https:\\\/\\\/schreinerei-heun.de\\\/CMS\\\/#organization\",\"name\":\"Schreinerei Heun\",\"url\":\"https:\\\/\\\/schreinerei-heun.de\\\/CMS\\\/\",\"logo\":{\"@type\":\"ImageObject\",\"inLanguage\":\"de\",\"@id\":\"https:\\\/\\\/schreinerei-heun.de\\\/CMS\\\/#\\\/schema\\\/logo\\\/image\\\/\",\"url\":\"https:\\\/\\\/schreinerei-heun.de\\\/CMS\\\/wp-content\\\/uploads\\\/2019\\\/07\\\/logo_akt.png\",\"contentUrl\":\"https:\\\/\\\/schreinerei-heun.de\\\/CMS\\\/wp-content\\\/uploads\\\/2019\\\/07\\\/logo_akt.png\",\"width\":1000,\"height\":540,\"caption\":\"Schreinerei Heun\"},\"image\":{\"@id\":\"https:\\\/\\\/schreinerei-heun.de\\\/CMS\\\/#\\\/schema\\\/logo\\\/image\\\/\"},\"sameAs\":[\"https:\\\/\\\/www.instagram.com\\\/yoast\"]}]}<\/script>\n<!-- \/ Yoast SEO plugin. -->","yoast_head_json":{"title":"Impressum - Schreinerei Heun","robots":{"index":"index","follow":"follow","max-snippet":"max-snippet:-1","max-image-preview":"max-image-preview:large","max-video-preview":"max-video-preview:-1"},"canonical":"https:\/\/schreinerei-heun.de\/CMS\/impressum\/","og_locale":"de_DE","og_type":"article","og_title":"Impressum - Schreinerei Heun","og_description":"Alle Daten zur Schreinerei Heun und Verantwortlich f\u00fcr diese Seite: Schreinermeister Holger Gr\u00e4b Industriestra\u00dfe 5 35745 Herborn-Uckersdorf Telefon: +49 2772 55139 Telefax: +49 2772 52656 eMail: info@schreinerei-heun.de Internet: www.schreinerei-heun.de Zust\u00e4ndige Kammer: Handwerkskammer Wiesbaden, Bahnhofstr. 63, 65185 Wiesbaden Berufsbezeichnung: Handwerksmeister* im Tischlerhandwerk Berufsrechtliche Regelungen**: Handwerksordnung Umsatzsteuer-Identifikationsnummer***: DE111759577 Haftungshinweis: Trotz sorgf\u00e4ltiger inhaltlicher Kontrolle \u00fcbernehmen wir keine Haftung &hellip; \u201eImpressum\u201c weiterlesen","og_url":"https:\/\/schreinerei-heun.de\/CMS\/impressum\/","og_site_name":"Schreinerei Heun","article_modified_time":"2022-04-05T06:30:22+00:00","twitter_card":"summary_large_image","twitter_misc":{"Gesch\u00e4tzte Lesezeit":"1\u00a0Minute"},"schema":{"@context":"https:\/\/schema.org","@graph":[{"@type":"WebPage","@id":"https:\/\/schreinerei-heun.de\/CMS\/impressum\/","url":"https:\/\/schreinerei-heun.de\/CMS\/impressum\/","name":"Impressum - Schreinerei Heun","isPartOf":{"@id":"https:\/\/schreinerei-heun.de\/CMS\/#website"},"datePublished":"2013-07-26T22:59:57+00:00","dateModified":"2022-04-05T06:30:22+00:00","breadcrumb":{"@id":"https:\/\/schreinerei-heun.de\/CMS\/impressum\/#breadcrumb"},"inLanguage":"de","potentialAction":[{"@type":"ReadAction","target":["https:\/\/schreinerei-heun.de\/CMS\/impressum\/"]}]},{"@type":"BreadcrumbList","@id":"https:\/\/schreinerei-heun.de\/CMS\/impressum\/#breadcrumb","itemListElement":[{"@type":"ListItem","position":1,"name":"Startseite","item":"https:\/\/schreinerei-heun.de\/CMS\/"},{"@type":"ListItem","position":2,"name":"Impressum"}]},{"@type":"WebSite","@id":"https:\/\/schreinerei-heun.de\/CMS\/#website","url":"https:\/\/schreinerei-heun.de\/CMS\/","name":"Schreinerei Heun","description":"\u00dcber 50 Jahre Erfahrung im Handwerk","publisher":{"@id":"https:\/\/schreinerei-heun.de\/CMS\/#organization"},"potentialAction":[{"@type":"SearchAction","target":{"@type":"EntryPoint","urlTemplate":"https:\/\/schreinerei-heun.de\/CMS\/?s={search_term_string}"},"query-input":{"@type":"PropertyValueSpecification","valueRequired":true,"valueName":"search_term_string"}}],"inLanguage":"de"},{"@type":"Organization","@id":"https:\/\/schreinerei-heun.de\/CMS\/#organization","name":"Schreinerei Heun","url":"https:\/\/schreinerei-heun.de\/CMS\/","logo":{"@type":"ImageObject","inLanguage":"de","@id":"https:\/\/schreinerei-heun.de\/CMS\/#\/schema\/logo\/image\/","url":"https:\/\/schreinerei-heun.de\/CMS\/wp-content\/uploads\/2019\/07\/logo_akt.png","contentUrl":"https:\/\/schreinerei-heun.de\/CMS\/wp-content\/uploads\/2019\/07\/logo_akt.png","width":1000,"height":540,"caption":"Schreinerei Heun"},"image":{"@id":"https:\/\/schreinerei-heun.de\/CMS\/#\/schema\/logo\/image\/"},"sameAs":["https:\/\/www.instagram.com\/yoast"]}]}},"_links":{"self":[{"href":"https:\/\/schreinerei-heun.de\/CMS\/wp-json\/wp\/v2\/pages\/4","targetHints":{"allow":["GET"]}}],"collection":[{"href":"https:\/\/schreinerei-heun.de\/CMS\/wp-json\/wp\/v2\/pages"}],"about":[{"href":"https:\/\/schreinerei-heun.de\/CMS\/wp-json\/wp\/v2\/types\/page"}],"author":[{"embeddable":true,"href":"https:\/\/schreinerei-heun.de\/CMS\/wp-json\/wp\/v2\/users\/3"}],"replies":[{"embeddable":true,"href":"https:\/\/schreinerei-heun.de\/CMS\/wp-json\/wp\/v2\/comments?post=4"}],"version-history":[{"count":13,"href":"https:\/\/schreinerei-heun.de\/CMS\/wp-json\/wp\/v2\/pages\/4\/revisions"}],"predecessor-version":[{"id":1020,"href":"https:\/\/schreinerei-heun.de\/CMS\/wp-json\/wp\/v2\/pages\/4\/revisions\/1020"}],"wp:attachment":[{"href":"https:\/\/schreinerei-heun.de\/CMS\/wp-json\/wp\/v2\/media?parent=4"}],"curies":[{"name":"wp","href":"https:\/\/api.w.org\/{rel}","templated":true}]}}