{"id":1065,"date":"2024-09-05T11:23:11","date_gmt":"2024-09-05T09:23:11","guid":{"rendered":"https:\/\/schreinerei-heun.de\/CMS\/?page_id=1065"},"modified":"2024-09-05T11:26:29","modified_gmt":"2024-09-05T09:26:29","slug":"einbauloesungen","status":"publish","type":"page","link":"https:\/\/schreinerei-heun.de\/CMS\/projekte\/einbauloesungen\/","title":{"rendered":"Einbaul\u00f6sungen"},"content":{"rendered":"\n<p><strong>Elegante Heizk\u00f6rperverkleidungen \u2013 f\u00fcr ein harmonisches Wohngef\u00fchl<\/strong><\/p>\n\n\n\n<p>Unsere ma\u00dfgefertigten Heizk\u00f6rperverkleidungen bieten eine dezente M\u00f6glichkeit, Ihren Wohnraum aufzuwerten. Sie integrieren sich nahtlos in jede Einrichtung und lassen Heizk\u00f6rper unauff\u00e4llig in den Hintergrund treten. Dabei vereinen sie Funktionalit\u00e4t mit stilvoller Gestaltung, ohne den Raum zu dominieren.<\/p>\n\n\n\n<p>Individuell nach Ihren W\u00fcnschen gefertigt, sorgen unsere Verkleidungen nicht nur f\u00fcr eine harmonische Optik, sondern verbessern auch die W\u00e4rmeverteilung im Raum.<\/p>\n\n\n\n<figure class=\"wp-block-image size-full\"><a href=\"https:\/\/schreinerei-heun.de\/CMS\/wp-content\/uploads\/2024\/09\/Vorher.png\"><img loading=\"lazy\" decoding=\"async\" width=\"1000\" height=\"1000\" src=\"https:\/\/schreinerei-heun.de\/CMS\/wp-content\/uploads\/2024\/09\/Vorher.png\" alt=\"\" class=\"wp-image-1067\" srcset=\"https:\/\/schreinerei-heun.de\/CMS\/wp-content\/uploads\/2024\/09\/Vorher.png 1000w, https:\/\/schreinerei-heun.de\/CMS\/wp-content\/uploads\/2024\/09\/Vorher-300x300.png 300w, https:\/\/schreinerei-heun.de\/CMS\/wp-content\/uploads\/2024\/09\/Vorher-150x150.png 150w, https:\/\/schreinerei-heun.de\/CMS\/wp-content\/uploads\/2024\/09\/Vorher-768x768.png 768w, https:\/\/schreinerei-heun.de\/CMS\/wp-content\/uploads\/2024\/09\/Vorher-100x100.png 100w\" sizes=\"auto, (max-width: 706px) 89vw, (max-width: 767px) 82vw, 740px\" \/><\/a><\/figure>\n\n\n\n<figure class=\"wp-block-image size-full\"><a href=\"https:\/\/schreinerei-heun.de\/CMS\/wp-content\/uploads\/2024\/09\/Nachher.png\"><img loading=\"lazy\" decoding=\"async\" width=\"1000\" height=\"1000\" src=\"https:\/\/schreinerei-heun.de\/CMS\/wp-content\/uploads\/2024\/09\/Nachher.png\" alt=\"\" class=\"wp-image-1068\" srcset=\"https:\/\/schreinerei-heun.de\/CMS\/wp-content\/uploads\/2024\/09\/Nachher.png 1000w, https:\/\/schreinerei-heun.de\/CMS\/wp-content\/uploads\/2024\/09\/Nachher-300x300.png 300w, https:\/\/schreinerei-heun.de\/CMS\/wp-content\/uploads\/2024\/09\/Nachher-150x150.png 150w, https:\/\/schreinerei-heun.de\/CMS\/wp-content\/uploads\/2024\/09\/Nachher-768x768.png 768w, https:\/\/schreinerei-heun.de\/CMS\/wp-content\/uploads\/2024\/09\/Nachher-100x100.png 100w\" sizes=\"auto, (max-width: 706px) 89vw, (max-width: 767px) 82vw, 740px\" \/><\/a><\/figure>\n","protected":false},"excerpt":{"rendered":"<p>Elegante Heizk\u00f6rperverkleidungen \u2013 f\u00fcr ein harmonisches Wohngef\u00fchl Unsere ma\u00dfgefertigten Heizk\u00f6rperverkleidungen bieten eine dezente M\u00f6glichkeit, Ihren Wohnraum aufzuwerten. Sie integrieren sich nahtlos in jede Einrichtung und lassen Heizk\u00f6rper unauff\u00e4llig in den Hintergrund treten. Dabei vereinen sie Funktionalit\u00e4t mit stilvoller Gestaltung, ohne den Raum zu dominieren. Individuell nach Ihren W\u00fcnschen gefertigt, sorgen unsere Verkleidungen nicht nur f\u00fcr &hellip; <\/p>\n<p class=\"link-more\"><a href=\"https:\/\/schreinerei-heun.de\/CMS\/projekte\/einbauloesungen\/\" class=\"more-link\"><span class=\"screen-reader-text\">\u201eEinbaul\u00f6sungen\u201c <\/span>weiterlesen<\/a><\/p>\n","protected":false},"author":3,"featured_media":0,"parent":19,"menu_order":0,"comment_status":"closed","ping_status":"closed","template":"","meta":{"footnotes":""},"class_list":["post-1065","page","type-page","status-publish","hentry"],"yoast_head":"<!-- This site is optimized with the Yoast SEO plugin v27.6 - https:\/\/yoast.com\/product\/yoast-seo-wordpress\/ -->\n<title>Einbaul\u00f6sungen - Schreinerei Heun<\/title>\n<meta name=\"robots\" content=\"index, follow, max-snippet:-1, max-image-preview:large, max-video-preview:-1\" \/>\n<link rel=\"canonical\" href=\"https:\/\/schreinerei-heun.de\/CMS\/projekte\/einbauloesungen\/\" \/>\n<meta property=\"og:locale\" content=\"de_DE\" \/>\n<meta property=\"og:type\" content=\"article\" \/>\n<meta property=\"og:title\" content=\"Einbaul\u00f6sungen - Schreinerei Heun\" \/>\n<meta property=\"og:description\" content=\"Elegante Heizk\u00f6rperverkleidungen \u2013 f\u00fcr ein harmonisches Wohngef\u00fchl Unsere ma\u00dfgefertigten Heizk\u00f6rperverkleidungen bieten eine dezente M\u00f6glichkeit, Ihren Wohnraum aufzuwerten. Sie integrieren sich nahtlos in jede Einrichtung und lassen Heizk\u00f6rper unauff\u00e4llig in den Hintergrund treten. Dabei vereinen sie Funktionalit\u00e4t mit stilvoller Gestaltung, ohne den Raum zu dominieren. Individuell nach Ihren W\u00fcnschen gefertigt, sorgen unsere Verkleidungen nicht nur f\u00fcr &hellip; \u201eEinbaul\u00f6sungen\u201c weiterlesen\" \/>\n<meta property=\"og:url\" content=\"https:\/\/schreinerei-heun.de\/CMS\/projekte\/einbauloesungen\/\" \/>\n<meta property=\"og:site_name\" content=\"Schreinerei Heun\" \/>\n<meta property=\"article:modified_time\" content=\"2024-09-05T09:26:29+00:00\" \/>\n<meta property=\"og:image\" content=\"https:\/\/schreinerei-heun.de\/CMS\/wp-content\/uploads\/2024\/09\/Vorher.png\" \/>\n<meta name=\"twitter:card\" content=\"summary_large_image\" \/>\n<meta name=\"twitter:label1\" content=\"Gesch\u00e4tzte Lesezeit\" \/>\n\t<meta name=\"twitter:data1\" content=\"1\u00a0Minute\" \/>\n<script type=\"application\/ld+json\" class=\"yoast-schema-graph\">{\"@context\":\"https:\\\/\\\/schema.org\",\"@graph\":[{\"@type\":\"WebPage\",\"@id\":\"https:\\\/\\\/schreinerei-heun.de\\\/CMS\\\/projekte\\\/einbauloesungen\\\/\",\"url\":\"https:\\\/\\\/schreinerei-heun.de\\\/CMS\\\/projekte\\\/einbauloesungen\\\/\",\"name\":\"Einbaul\u00f6sungen - Schreinerei Heun\",\"isPartOf\":{\"@id\":\"https:\\\/\\\/schreinerei-heun.de\\\/CMS\\\/#website\"},\"primaryImageOfPage\":{\"@id\":\"https:\\\/\\\/schreinerei-heun.de\\\/CMS\\\/projekte\\\/einbauloesungen\\\/#primaryimage\"},\"image\":{\"@id\":\"https:\\\/\\\/schreinerei-heun.de\\\/CMS\\\/projekte\\\/einbauloesungen\\\/#primaryimage\"},\"thumbnailUrl\":\"https:\\\/\\\/schreinerei-heun.de\\\/CMS\\\/wp-content\\\/uploads\\\/2024\\\/09\\\/Vorher.png\",\"datePublished\":\"2024-09-05T09:23:11+00:00\",\"dateModified\":\"2024-09-05T09:26:29+00:00\",\"breadcrumb\":{\"@id\":\"https:\\\/\\\/schreinerei-heun.de\\\/CMS\\\/projekte\\\/einbauloesungen\\\/#breadcrumb\"},\"inLanguage\":\"de\",\"potentialAction\":[{\"@type\":\"ReadAction\",\"target\":[\"https:\\\/\\\/schreinerei-heun.de\\\/CMS\\\/projekte\\\/einbauloesungen\\\/\"]}]},{\"@type\":\"ImageObject\",\"inLanguage\":\"de\",\"@id\":\"https:\\\/\\\/schreinerei-heun.de\\\/CMS\\\/projekte\\\/einbauloesungen\\\/#primaryimage\",\"url\":\"https:\\\/\\\/schreinerei-heun.de\\\/CMS\\\/wp-content\\\/uploads\\\/2024\\\/09\\\/Vorher.png\",\"contentUrl\":\"https:\\\/\\\/schreinerei-heun.de\\\/CMS\\\/wp-content\\\/uploads\\\/2024\\\/09\\\/Vorher.png\",\"width\":1000,\"height\":1000},{\"@type\":\"BreadcrumbList\",\"@id\":\"https:\\\/\\\/schreinerei-heun.de\\\/CMS\\\/projekte\\\/einbauloesungen\\\/#breadcrumb\",\"itemListElement\":[{\"@type\":\"ListItem\",\"position\":1,\"name\":\"Startseite\",\"item\":\"https:\\\/\\\/schreinerei-heun.de\\\/CMS\\\/\"},{\"@type\":\"ListItem\",\"position\":2,\"name\":\"Projekte\",\"item\":\"https:\\\/\\\/schreinerei-heun.de\\\/CMS\\\/projekte\\\/\"},{\"@type\":\"ListItem\",\"position\":3,\"name\":\"Einbaul\u00f6sungen\"}]},{\"@type\":\"WebSite\",\"@id\":\"https:\\\/\\\/schreinerei-heun.de\\\/CMS\\\/#website\",\"url\":\"https:\\\/\\\/schreinerei-heun.de\\\/CMS\\\/\",\"name\":\"Schreinerei Heun\",\"description\":\"\u00dcber 50 Jahre Erfahrung im Handwerk\",\"publisher\":{\"@id\":\"https:\\\/\\\/schreinerei-heun.de\\\/CMS\\\/#organization\"},\"potentialAction\":[{\"@type\":\"SearchAction\",\"target\":{\"@type\":\"EntryPoint\",\"urlTemplate\":\"https:\\\/\\\/schreinerei-heun.de\\\/CMS\\\/?s={search_term_string}\"},\"query-input\":{\"@type\":\"PropertyValueSpecification\",\"valueRequired\":true,\"valueName\":\"search_term_string\"}}],\"inLanguage\":\"de\"},{\"@type\":\"Organization\",\"@id\":\"https:\\\/\\\/schreinerei-heun.de\\\/CMS\\\/#organization\",\"name\":\"Schreinerei Heun\",\"url\":\"https:\\\/\\\/schreinerei-heun.de\\\/CMS\\\/\",\"logo\":{\"@type\":\"ImageObject\",\"inLanguage\":\"de\",\"@id\":\"https:\\\/\\\/schreinerei-heun.de\\\/CMS\\\/#\\\/schema\\\/logo\\\/image\\\/\",\"url\":\"https:\\\/\\\/schreinerei-heun.de\\\/CMS\\\/wp-content\\\/uploads\\\/2019\\\/07\\\/logo_akt.png\",\"contentUrl\":\"https:\\\/\\\/schreinerei-heun.de\\\/CMS\\\/wp-content\\\/uploads\\\/2019\\\/07\\\/logo_akt.png\",\"width\":1000,\"height\":540,\"caption\":\"Schreinerei Heun\"},\"image\":{\"@id\":\"https:\\\/\\\/schreinerei-heun.de\\\/CMS\\\/#\\\/schema\\\/logo\\\/image\\\/\"},\"sameAs\":[\"https:\\\/\\\/www.instagram.com\\\/yoast\"]}]}<\/script>\n<!-- \/ Yoast SEO plugin. -->","yoast_head_json":{"title":"Einbaul\u00f6sungen - Schreinerei Heun","robots":{"index":"index","follow":"follow","max-snippet":"max-snippet:-1","max-image-preview":"max-image-preview:large","max-video-preview":"max-video-preview:-1"},"canonical":"https:\/\/schreinerei-heun.de\/CMS\/projekte\/einbauloesungen\/","og_locale":"de_DE","og_type":"article","og_title":"Einbaul\u00f6sungen - Schreinerei Heun","og_description":"Elegante Heizk\u00f6rperverkleidungen \u2013 f\u00fcr ein harmonisches Wohngef\u00fchl Unsere ma\u00dfgefertigten Heizk\u00f6rperverkleidungen bieten eine dezente M\u00f6glichkeit, Ihren Wohnraum aufzuwerten. Sie integrieren sich nahtlos in jede Einrichtung und lassen Heizk\u00f6rper unauff\u00e4llig in den Hintergrund treten. Dabei vereinen sie Funktionalit\u00e4t mit stilvoller Gestaltung, ohne den Raum zu dominieren. Individuell nach Ihren W\u00fcnschen gefertigt, sorgen unsere Verkleidungen nicht nur f\u00fcr &hellip; \u201eEinbaul\u00f6sungen\u201c weiterlesen","og_url":"https:\/\/schreinerei-heun.de\/CMS\/projekte\/einbauloesungen\/","og_site_name":"Schreinerei Heun","article_modified_time":"2024-09-05T09:26:29+00:00","og_image":[{"url":"https:\/\/schreinerei-heun.de\/CMS\/wp-content\/uploads\/2024\/09\/Vorher.png","type":"","width":"","height":""}],"twitter_card":"summary_large_image","twitter_misc":{"Gesch\u00e4tzte Lesezeit":"1\u00a0Minute"},"schema":{"@context":"https:\/\/schema.org","@graph":[{"@type":"WebPage","@id":"https:\/\/schreinerei-heun.de\/CMS\/projekte\/einbauloesungen\/","url":"https:\/\/schreinerei-heun.de\/CMS\/projekte\/einbauloesungen\/","name":"Einbaul\u00f6sungen - Schreinerei Heun","isPartOf":{"@id":"https:\/\/schreinerei-heun.de\/CMS\/#website"},"primaryImageOfPage":{"@id":"https:\/\/schreinerei-heun.de\/CMS\/projekte\/einbauloesungen\/#primaryimage"},"image":{"@id":"https:\/\/schreinerei-heun.de\/CMS\/projekte\/einbauloesungen\/#primaryimage"},"thumbnailUrl":"https:\/\/schreinerei-heun.de\/CMS\/wp-content\/uploads\/2024\/09\/Vorher.png","datePublished":"2024-09-05T09:23:11+00:00","dateModified":"2024-09-05T09:26:29+00:00","breadcrumb":{"@id":"https:\/\/schreinerei-heun.de\/CMS\/projekte\/einbauloesungen\/#breadcrumb"},"inLanguage":"de","potentialAction":[{"@type":"ReadAction","target":["https:\/\/schreinerei-heun.de\/CMS\/projekte\/einbauloesungen\/"]}]},{"@type":"ImageObject","inLanguage":"de","@id":"https:\/\/schreinerei-heun.de\/CMS\/projekte\/einbauloesungen\/#primaryimage","url":"https:\/\/schreinerei-heun.de\/CMS\/wp-content\/uploads\/2024\/09\/Vorher.png","contentUrl":"https:\/\/schreinerei-heun.de\/CMS\/wp-content\/uploads\/2024\/09\/Vorher.png","width":1000,"height":1000},{"@type":"BreadcrumbList","@id":"https:\/\/schreinerei-heun.de\/CMS\/projekte\/einbauloesungen\/#breadcrumb","itemListElement":[{"@type":"ListItem","position":1,"name":"Startseite","item":"https:\/\/schreinerei-heun.de\/CMS\/"},{"@type":"ListItem","position":2,"name":"Projekte","item":"https:\/\/schreinerei-heun.de\/CMS\/projekte\/"},{"@type":"ListItem","position":3,"name":"Einbaul\u00f6sungen"}]},{"@type":"WebSite","@id":"https:\/\/schreinerei-heun.de\/CMS\/#website","url":"https:\/\/schreinerei-heun.de\/CMS\/","name":"Schreinerei Heun","description":"\u00dcber 50 Jahre Erfahrung im Handwerk","publisher":{"@id":"https:\/\/schreinerei-heun.de\/CMS\/#organization"},"potentialAction":[{"@type":"SearchAction","target":{"@type":"EntryPoint","urlTemplate":"https:\/\/schreinerei-heun.de\/CMS\/?s={search_term_string}"},"query-input":{"@type":"PropertyValueSpecification","valueRequired":true,"valueName":"search_term_string"}}],"inLanguage":"de"},{"@type":"Organization","@id":"https:\/\/schreinerei-heun.de\/CMS\/#organization","name":"Schreinerei Heun","url":"https:\/\/schreinerei-heun.de\/CMS\/","logo":{"@type":"ImageObject","inLanguage":"de","@id":"https:\/\/schreinerei-heun.de\/CMS\/#\/schema\/logo\/image\/","url":"https:\/\/schreinerei-heun.de\/CMS\/wp-content\/uploads\/2019\/07\/logo_akt.png","contentUrl":"https:\/\/schreinerei-heun.de\/CMS\/wp-content\/uploads\/2019\/07\/logo_akt.png","width":1000,"height":540,"caption":"Schreinerei Heun"},"image":{"@id":"https:\/\/schreinerei-heun.de\/CMS\/#\/schema\/logo\/image\/"},"sameAs":["https:\/\/www.instagram.com\/yoast"]}]}},"_links":{"self":[{"href":"https:\/\/schreinerei-heun.de\/CMS\/wp-json\/wp\/v2\/pages\/1065","targetHints":{"allow":["GET"]}}],"collection":[{"href":"https:\/\/schreinerei-heun.de\/CMS\/wp-json\/wp\/v2\/pages"}],"about":[{"href":"https:\/\/schreinerei-heun.de\/CMS\/wp-json\/wp\/v2\/types\/page"}],"author":[{"embeddable":true,"href":"https:\/\/schreinerei-heun.de\/CMS\/wp-json\/wp\/v2\/users\/3"}],"replies":[{"embeddable":true,"href":"https:\/\/schreinerei-heun.de\/CMS\/wp-json\/wp\/v2\/comments?post=1065"}],"version-history":[{"count":2,"href":"https:\/\/schreinerei-heun.de\/CMS\/wp-json\/wp\/v2\/pages\/1065\/revisions"}],"predecessor-version":[{"id":1069,"href":"https:\/\/schreinerei-heun.de\/CMS\/wp-json\/wp\/v2\/pages\/1065\/revisions\/1069"}],"up":[{"embeddable":true,"href":"https:\/\/schreinerei-heun.de\/CMS\/wp-json\/wp\/v2\/pages\/19"}],"wp:attachment":[{"href":"https:\/\/schreinerei-heun.de\/CMS\/wp-json\/wp\/v2\/media?parent=1065"}],"curies":[{"name":"wp","href":"https:\/\/api.w.org\/{rel}","templated":true}]}}